{"id":17,"date":"2022-07-18T10:13:52","date_gmt":"2022-07-18T10:13:52","guid":{"rendered":"https:\/\/invanep.com\/congreso-2023\/?page_id=17"},"modified":"2022-11-02T11:50:34","modified_gmt":"2022-11-02T11:50:34","slug":"salutacion","status":"publish","type":"page","link":"https:\/\/invanep.com\/congreso-2023\/salutacion\/","title":{"rendered":"SALUTACI\u00d3N"},"content":{"rendered":"<p>[et_pb_section fb_built=\u00bb1&#8243; _builder_version=\u00bb4.17.6&#8243; _module_preset=\u00bbdefault\u00bb custom_margin=\u00bb|0px|-19px||false|false\u00bb custom_padding=\u00bb0px|||||\u00bb bottom_divider_style=\u00bbarrow3&#8243; bottom_divider_color=\u00bb#F29028&#8243; bottom_divider_height=\u00bb60px\u00bb bottom_divider_repeat=\u00bb1x\u00bb border_width_left=\u00bb20px\u00bb border_color_left=\u00bb#124C88&#8243; global_module=\u00bb149&#8243; saved_tabs=\u00bball\u00bb global_colors_info=\u00bb{}\u00bb][et_pb_row column_structure=\u00bb1_5,3_5,1_5&#8243; _builder_version=\u00bb4.17.6&#8243; _module_preset=\u00bbdefault\u00bb width=\u00bb100%\u00bb max_width=\u00bb2560px\u00bb custom_padding=\u00bb0px||0px|56px||\u00bb global_colors_info=\u00bb{}\u00bb][et_pb_column type=\u00bb1_5&#8243; _builder_version=\u00bb4.17.6&#8243; _module_preset=\u00bbdefault\u00bb global_colors_info=\u00bb{}\u00bb][et_pb_image src=\u00bbhttps:\/\/invanep.com\/congreso-2023\/wp-content\/uploads\/2022\/07\/bannerRecurso-1fondo.png\u00bb title_text=\u00bbLOGOINVANEP\u00bb url=\u00bbhttps:\/\/invanep.com\/\u00bb url_new_window=\u00bbon\u00bb _builder_version=\u00bb4.17.6&#8243; _module_preset=\u00bbdefault\u00bb custom_margin=\u00bb||6px|||\u00bb custom_padding=\u00bb4vh||4vh||true|false\u00bb global_colors_info=\u00bb{}\u00bb][\/et_pb_image][\/et_pb_column][et_pb_column type=\u00bb3_5&#8243; _builder_version=\u00bb4.17.6&#8243; _module_preset=\u00bbdefault\u00bb global_colors_info=\u00bb{}\u00bb][et_pb_text _builder_version=\u00bb4.17.6&#8243; _module_preset=\u00bbdefault\u00bb text_font=\u00bbArchivo Narrow|700|||||||\u00bb text_text_color=\u00bb#124C88&#8243; text_font_size=\u00bb55px\u00bb text_letter_spacing=\u00bb-1px\u00bb custom_margin=\u00bb50px||-2px||false|false\u00bb custom_padding=\u00bb8px||14px||false|false\u00bb global_colors_info=\u00bb{}\u00bb]<\/p>\n<p style=\"text-align: center;\">XXV CONGRESO<\/p>\n<p>[\/et_pb_text][et_pb_text _builder_version=\u00bb4.17.6&#8243; _module_preset=\u00bbdefault\u00bb text_font=\u00bbArchivo Narrow||||||||\u00bb text_text_color=\u00bb#124C88&#8243; text_font_size=\u00bb38px\u00bb text_letter_spacing=\u00bb-1px\u00bb custom_margin=\u00bb19px||5px||false|false\u00bb custom_padding=\u00bb9px||11px||false|false\u00bb global_colors_info=\u00bb{}\u00bb]<\/p>\n<p style=\"text-align: center;\">INTERNACIONAL DE ACTUALIZACI\u00d3N EN<\/p>\n<p>[\/et_pb_text][et_pb_text _builder_version=\u00bb4.17.6&#8243; _module_preset=\u00bbdefault\u00bb text_font=\u00bbArchivo Narrow|700|||||||\u00bb text_text_color=\u00bb#124C88&#8243; text_font_size=\u00bb49px\u00bb text_line_height=\u00bb1.4em\u00bb custom_margin=\u00bb-2px||-2px||false|false\u00bb custom_padding=\u00bb0px||14px||false|false\u00bb global_colors_info=\u00bb{}\u00bb]<\/p>\n<p style=\"text-align: center;\">TRANSTORNOS DEL NEURODESAROLLO<\/p>\n<p>[\/et_pb_text][et_pb_text _builder_version=\u00bb4.17.6&#8243; _module_preset=\u00bbdefault\u00bb text_font_size=\u00bb18px\u00bb text_line_height=\u00bb1.5em\u00bb global_colors_info=\u00bb{}\u00bb]<\/p>\n<p style=\"text-align: center;\">Valencia, 3 y 4 de marzo de 2023<br \/>Colegio Oficial de M\u00e9dicos de Valencia (Espa\u00f1a)<\/p>\n<p>[\/et_pb_text][\/et_pb_column][et_pb_column type=\u00bb1_5&#8243; _builder_version=\u00bb4.17.6&#8243; _module_preset=\u00bbdefault\u00bb global_colors_info=\u00bb{}\u00bb][et_pb_image src=\u00bbhttps:\/\/invanep.com\/congreso-2023\/wp-content\/uploads\/2022\/07\/bannerRecurso-2fondo.png\u00bb title_text=\u00bbLOGOCONGRESOS\u00bb align=\u00bbcenter\u00bb _builder_version=\u00bb4.18.0&#8243; _module_preset=\u00bbdefault\u00bb module_alignment=\u00bbcenter\u00bb custom_margin=\u00bb6vh|4vw|6vh|4vw|true|true\u00bb global_colors_info=\u00bb{}\u00bb][\/et_pb_image][\/et_pb_column][\/et_pb_row][et_pb_row _builder_version=\u00bb4.18.0&#8243; _module_preset=\u00bbdefault\u00bb global_colors_info=\u00bb{}\u00bb][et_pb_column type=\u00bb4_4&#8243; _builder_version=\u00bb4.18.0&#8243; _module_preset=\u00bbdefault\u00bb global_colors_info=\u00bb{}\u00bb][et_pb_text _builder_version=\u00bb4.18.0&#8243; _module_preset=\u00bbdefault\u00bb text_text_color=\u00bb#FFFFFF\u00bb text_font_size=\u00bb25px\u00bb text_line_height=\u00bb1.4em\u00bb background_color=\u00bb#F25D26&#8243; custom_padding=\u00bb1vh|2vw|1vh|2vw|true|true\u00bb animation_style=\u00bbzoom\u00bb global_colors_info=\u00bb{}\u00bb]<\/p>\n<p style=\"text-align: center;\"><strong>PRESENCIAL Y ONLINE<\/strong><br \/>Jornadas de tardes<\/p>\n<p>[\/et_pb_text][\/et_pb_column][\/et_pb_row][et_pb_row _builder_version=\u00bb4.18.0&#8243; _module_preset=\u00bbdefault\u00bb custom_padding=\u00bb5px|||||\u00bb global_colors_info=\u00bb{}\u00bb][et_pb_column type=\u00bb4_4&#8243; _builder_version=\u00bb4.18.0&#8243; _module_preset=\u00bbdefault\u00bb global_colors_info=\u00bb{}\u00bb][et_pb_text _builder_version=\u00bb4.18.1&#8243; _module_preset=\u00bbdefault\u00bb text_font_size=\u00bb16px\u00bb global_colors_info=\u00bb{}\u00bb]<\/p>\n<p style=\"text-align: center;\">Las inscripciones presenciales se confirmar\u00e1n por riguroso orden de solicitud hasta completar el aforo de la sala (sala Chuli\u00e1 Campos).<\/p>\n<p>[\/et_pb_text][\/et_pb_column][\/et_pb_row][\/et_pb_section][et_pb_section fb_built=\u00bb1&#8243; fullwidth=\u00bbon\u00bb _builder_version=\u00bb4.17.6&#8243; _module_preset=\u00bbdefault\u00bb global_module=\u00bb161&#8243; global_colors_info=\u00bb{}\u00bb][et_pb_fullwidth_post_title meta=\u00bboff\u00bb featured_image=\u00bboff\u00bb _builder_version=\u00bb4.17.6&#8243; _module_preset=\u00bbdefault\u00bb title_font=\u00bbArchivo Narrow|700|||||||\u00bb title_text_align=\u00bbright\u00bb title_text_color=\u00bb#FFFFFF\u00bb title_font_size=\u00bb42px\u00bb background_color=\u00bb#F29028&#8243; module_alignment=\u00bbright\u00bb custom_margin=\u00bb-1px||||false|false\u00bb custom_padding=\u00bb2vh||2vh||true|false\u00bb animation_style=\u00bbslide\u00bb animation_direction=\u00bbleft\u00bb global_colors_info=\u00bb{}\u00bb][\/et_pb_fullwidth_post_title][\/et_pb_section][et_pb_section fb_built=\u00bb1&#8243; _builder_version=\u00bb4.17.6&#8243; _module_preset=\u00bbdefault\u00bb custom_padding=\u00bb22px|||||\u00bb global_colors_info=\u00bb{}\u00bb][et_pb_row column_structure=\u00bb3_4,1_4&#8243; _builder_version=\u00bb4.18.0&#8243; _module_preset=\u00bbdefault\u00bb custom_padding=\u00bb|4vw||4vw|false|true\u00bb global_colors_info=\u00bb{}\u00bb][et_pb_column type=\u00bb3_4&#8243; _builder_version=\u00bb4.17.6&#8243; _module_preset=\u00bbdefault\u00bb global_colors_info=\u00bb{}\u00bb][et_pb_text _builder_version=\u00bb4.18.0&#8243; _module_preset=\u00bbdefault\u00bb text_font_size=\u00bb15px\u00bb text_line_height=\u00bb1.8em\u00bb header_2_text_color=\u00bb#124C88&#8243; header_2_line_height=\u00bb2.1em\u00bb global_colors_info=\u00bb{}\u00bb]<\/p>\n<h2 style=\"text-align: center;\"><strong>SALUTACION XXV ANIVERSARIO<\/strong><\/h2>\n<p style=\"text-align: justify;\">Ni remotamente hace 25 a\u00f1os pensamos que lo que comenz\u00f3 como \u201cCursos de Actualizaci\u00f3n en Neuropediatria y Neuropsicologia infantil\u201d, iban a devenir en unos <strong>CONGRESOS INTERNACIONALES DE ACTUALIZACI\u00d3N EN LOS TRASTORNOS DEL NEURODESARROLLO<\/strong>, que ahora alcanzan sus celebraciones de plata, todo un hito por lo que procede enfatizar el recuerdo.<\/p>\n<p style=\"text-align: justify;\">Como siempre se han realizado en el mes de marzo en Valencia, Espa\u00f1a, y el dicho de que desde entonces \u201cha llovido mucho\u201d, deber\u00edamos cambiarlo por \u201chan sido muchas <em>masclet\u00e1s<\/em>\u201d, que son los artificios pirot\u00e9cnicos que todos los dias del mes de marzo atronan esta ciudad a las 2 en punto de la tarde en la plaza del Ayuntamento. El olor de polvoriento azufre se repite durante la celebracion de las fiestas de Las Fallas en las calles donde se ubican las mas de 300 organizaciones falleras repartidas por la ciudad.<\/p>\n<p style=\"text-align: justify;\">\u00bfQu\u00e9 hemos aprendido en estos 25 a\u00f1os?. Mucho y nada<strong>. MUCHO<\/strong> porque la cantidad de insignes profesores y especialistas en Neurodesarroollo nos han enriquecido rec\u00edprocamente con sus experiencias. Basta recordar algunos nombres relevantes para confirmarlo, como MAR\u00cfN PADILLA, RUSSEL BARCKEY, A. REBOLLO, XAVIER CASTELLANOS, FUSTER,\u00a0 GALABURDA, K. RUBIO, TUCHMAN, FARAONE, AMI KLIN y otros muchos no menos significativos, que adem\u00e1s dejaron plasmadas sus conferencias en sus respectivos manuscritos que pueden consultarse en los suplementos especiales de <em>Revista de Neurologia<\/em> (Barcelona) y <em>Medicina <\/em>(Buenos Aires). Adem\u00e1s tambien est\u00e1n accesibles todos res\u00famenes y las grabaciones de video de los congresos pasados en <strong><span style=\"color: #124c88;\"><a href=\"https:\/\/invanep.com\/cursos\/formacion-continuada\" style=\"color: #124c88;\">https:\/\/invanep.com\/cursos\/formacion-continuada<\/a><\/span>.<\/strong><\/p>\n<p style=\"text-align: justify;\">Decir <strong>NADA<\/strong> es una forma de expresar el mundo infinito que aun nos queda por aprender a desvelar del complejo desarrollo del cerebro y su funcionalidad. Lo que es bien cierto es que cada dia acertamos a identificar mejor los diferentes trastornos y patolog\u00edas, lo que posiblita unas eficaces intervenciones de Atencion Temprana, asi como terapias de seguimiento y ayudas espec\u00edficas que, unidas a las farmacol\u00f3gicas cuando proceden, repercuten en un mejor pron\u00f3stico y en muchos casos en una resoluci\u00f3n muy favorable.<\/p>\n<p style=\"text-align: justify;\">Pero los <strong>TRASTORNOS DEL NEURODESARROLLO<\/strong> siguen siendo un gran reto cuyo paradigma, representado por los Trastornos del Espectro Autista (TEA), suponen nuestras mayores limitaciones en descifrar sus causas intr\u00ednsecas. El Trastrono por Deficiti de Atencion e Hiperactividad (TDAH) ocupa un lugar destacado en nuestros estudios, siendo aqu\u00ed los resultados evolutivos m\u00e1s fruct\u00edferos. Los otros dos bloques tem\u00e1ticos habituales de estos congresos son las DIFICULTADES DEL APRENDIZAJE y los TRASTORNOS DEL LENGUAJE.<\/p>\n<p style=\"text-align: justify;\">El \u201cleitmotiv\u201d de la medicina es el diagn\u00f3stico certero y los intentos de encontrar marcadores biol\u00f3gicos son un reto de futuruo incierto en cuya direcci\u00f3n se trata de avanzar. Las investigaciones en Neuroimagen han abierto muchos caminos, la neurofisiologia trata de encontrar sus propias explicaciones, siendo ahora la Gen\u00e9tica la que nos est\u00e1 aportando nuevas luces, aunque a\u00fan queda mucho camino por delante.<\/p>\n<p style=\"text-align: justify;\">Es el momento de recordar y <strong>agradecer a las decenas de ponentes<\/strong> que han pasado mostrando sus experiencias y son el motor de estos congresos, sin olvidar a los <strong>miles de asistentes en estos 25 a\u00f1os<\/strong>, ya que sin su inter\u00e9s\u00a0 continuado y renovado cada a\u00f1o, aunque los temas sean siempre diferentes, no hubi\u00e9ramos llegado hasta aqu\u00ed.<\/p>\n<p style=\"text-align: justify;\">Nuestro reconocimiento a todos y a las entidades que nos apoyan. Vamos a continuar el camino, no sabemos hasta cuando, pero s\u00ed seguiremos con paso firme y decidido, con la vista en el futuro inmediato, para la mayor difusi\u00f3n y la \u00f3ptima atenci\u00f3n de las personas con TRASTORNOS DEL NEURODEARROLLO y sus familias.<\/p>\n<p>[\/et_pb_text][\/et_pb_column][et_pb_column type=\u00bb1_4&#8243; _builder_version=\u00bb4.17.6&#8243; _module_preset=\u00bbdefault\u00bb global_colors_info=\u00bb{}\u00bb][et_pb_image src=\u00bbhttps:\/\/invanep.com\/congreso-2023\/wp-content\/uploads\/2022\/10\/F-Mulas-scaled.jpg\u00bb title_text=\u00bbF Mulas\u00bb _builder_version=\u00bb4.18.0&#8243; _module_preset=\u00bbdefault\u00bb border_width_all=\u00bb10px\u00bb border_color_all=\u00bb#124C88&#8243; box_shadow_style=\u00bbpreset2&#8243; box_shadow_blur=\u00bb8px\u00bb global_colors_info=\u00bb{}\u00bb][\/et_pb_image][et_pb_text _builder_version=\u00bb4.18.1&#8243; _module_preset=\u00bbdefault\u00bb hover_enabled=\u00bb0&#8243; sticky_enabled=\u00bb0&#8243;]<\/p>\n<p><strong>Fernando Mulas<\/strong><br \/><em>Presidente del Comit\u00e9 Organizador<\/em><\/p>\n<p>[\/et_pb_text][\/et_pb_column][\/et_pb_row][\/et_pb_section]<\/p>\n","protected":false},"excerpt":{"rendered":"<p>XXV CONGRESOINTERNACIONAL DE ACTUALIZACI\u00d3N ENTRANSTORNOS DEL NEURODESAROLLOValencia, 3 y 4 de marzo de 2023Colegio Oficial de M\u00e9dicos de Valencia (Espa\u00f1a)PRESENCIAL Y ONLINEJornadas de tardesLas inscripciones presenciales se confirmar\u00e1n por riguroso orden de solicitud hasta completar el aforo de la sala (sala Chuli\u00e1 Campos).SALUTACION XXV ANIVERSARIO Ni remotamente hace 25 a\u00f1os pensamos que lo que comenz\u00f3 [&hellip;]<\/p>\n","protected":false},"author":1,"featured_media":0,"parent":0,"menu_order":0,"comment_status":"closed","ping_status":"closed","template":"","meta":{"_et_pb_use_builder":"on","_et_pb_old_content":"<!-- wp:divi\/placeholder \/-->","_et_gb_content_width":""},"_links":{"self":[{"href":"https:\/\/invanep.com\/congreso-2023\/wp-json\/wp\/v2\/pages\/17"}],"collection":[{"href":"https:\/\/invanep.com\/congreso-2023\/wp-json\/wp\/v2\/pages"}],"about":[{"href":"https:\/\/invanep.com\/congreso-2023\/wp-json\/wp\/v2\/types\/page"}],"author":[{"embeddable":true,"href":"https:\/\/invanep.com\/congreso-2023\/wp-json\/wp\/v2\/users\/1"}],"replies":[{"embeddable":true,"href":"https:\/\/invanep.com\/congreso-2023\/wp-json\/wp\/v2\/comments?post=17"}],"version-history":[{"count":15,"href":"https:\/\/invanep.com\/congreso-2023\/wp-json\/wp\/v2\/pages\/17\/revisions"}],"predecessor-version":[{"id":395,"href":"https:\/\/invanep.com\/congreso-2023\/wp-json\/wp\/v2\/pages\/17\/revisions\/395"}],"wp:attachment":[{"href":"https:\/\/invanep.com\/congreso-2023\/wp-json\/wp\/v2\/media?parent=17"}],"curies":[{"name":"wp","href":"https:\/\/api.w.org\/{rel}","templated":true}]}}