{"id":30,"date":"2021-10-31T17:46:46","date_gmt":"2021-10-31T17:46:46","guid":{"rendered":"https:\/\/invanep.com\/congreso-2022\/?page_id=30"},"modified":"2021-11-03T04:41:50","modified_gmt":"2021-11-03T04:41:50","slug":"secretarias","status":"publish","type":"page","link":"https:\/\/invanep.com\/congreso-2022\/secretarias\/","title":{"rendered":"Secretar\u00edas"},"content":{"rendered":"\n<p><\/p>\n\n\n\n<h2><strong>SECRETAR\u00cdA CIENT\u00cdFICA y ORGANIZACI\u00d3N DEL CONGRESO<\/strong><\/h2>\n\n\n\n<div class=\"wp-block-media-text alignwide is-stacked-on-mobile\" style=\"grid-template-columns:34% auto\"><figure class=\"wp-block-media-text__media\"><img loading=\"lazy\" width=\"773\" height=\"286\" src=\"https:\/\/invanep.com\/congreso-2022\/wp-content\/uploads\/2021\/10\/logo_invanep.png\" alt=\"\" class=\"wp-image-11 size-full\" srcset=\"https:\/\/invanep.com\/congreso-2022\/wp-content\/uploads\/2021\/10\/logo_invanep.png 773w, https:\/\/invanep.com\/congreso-2022\/wp-content\/uploads\/2021\/10\/logo_invanep-300x111.png 300w, https:\/\/invanep.com\/congreso-2022\/wp-content\/uploads\/2021\/10\/logo_invanep-768x284.png 768w\" sizes=\"(max-width: 773px) 100vw, 773px\" \/><\/figure><div class=\"wp-block-media-text__content\">\n<p><strong><a rel=\"noreferrer noopener\" href=\"https:\/\/invanep.com\/\" target=\"_blank\">Instituto Valenciano de Neurolog\u00eda Pedi\u00e1trica (INVANEP)<\/a><br>Calle Artes Gr\u00e1ficas 23, bajo. 46010-Valencia<br>Tf: (+ 34)96 361 33 00<br><a href=\"https:\/\/www.invanep.com\/\">www.invanep.com<\/a><br><a href=\"mailto:secretaria@invanep.com\">secretaria@invanep.com<\/a><\/strong><\/p>\n<\/div><\/div>\n\n\n\n<hr class=\"wp-block-separator is-style-wide\"\/>\n\n\n\n<h2><strong>SECRETAR\u00cdA T\u00c9CNICA<\/strong><\/h2>\n\n\n\n<p>Inscripciones y consultas.<\/p>\n\n\n\n<div class=\"wp-block-media-text alignwide is-stacked-on-mobile\" style=\"grid-template-columns:26% auto\"><figure class=\"wp-block-media-text__media\"><img loading=\"lazy\" width=\"1024\" height=\"768\" src=\"https:\/\/invanep.com\/congreso-2022\/wp-content\/uploads\/2021\/10\/logo-TheoriaCongresos.jpg\" alt=\"\" class=\"wp-image-42 size-full\" srcset=\"https:\/\/invanep.com\/congreso-2022\/wp-content\/uploads\/2021\/10\/logo-TheoriaCongresos.jpg 1024w, https:\/\/invanep.com\/congreso-2022\/wp-content\/uploads\/2021\/10\/logo-TheoriaCongresos-300x225.jpg 300w, https:\/\/invanep.com\/congreso-2022\/wp-content\/uploads\/2021\/10\/logo-TheoriaCongresos-768x576.jpg 768w\" sizes=\"(max-width: 1024px) 100vw, 1024px\" \/><\/figure><div class=\"wp-block-media-text__content\">\n<p><a href=\"https:\/\/www.theoriacongresos.com\/\" target=\"_blank\" rel=\"noreferrer noopener\"><strong>THEORIA Congresos<\/strong><\/a><br>Calle Carreres Puchalt, 6. 46020-Valencia<br>Tf: (+ 34)960 72 82 12<br><a rel=\"noreferrer noopener\" href=\"mailto:info@theoriacongresos.com\" target=\"_blank\">info@theoriacongresos.com\/<\/a><\/p>\n<\/div><\/div>\n\n\n\n<hr class=\"wp-block-separator is-style-wide\"\/>\n\n\n\n<p><\/p>\n","protected":false},"excerpt":{"rendered":"<p>SECRETAR\u00cdA CIENT\u00cdFICA y ORGANIZACI\u00d3N DEL CONGRESO Instituto Valenciano de Neurolog\u00eda Pedi\u00e1trica (INVANEP)Calle Artes Gr\u00e1ficas 23, bajo. 46010-ValenciaTf: (+ 34)96 361 &hellip; <\/p>\n","protected":false},"author":1,"featured_media":22,"parent":0,"menu_order":0,"comment_status":"closed","ping_status":"closed","template":"","meta":[],"_links":{"self":[{"href":"https:\/\/invanep.com\/congreso-2022\/wp-json\/wp\/v2\/pages\/30"}],"collection":[{"href":"https:\/\/invanep.com\/congreso-2022\/wp-json\/wp\/v2\/pages"}],"about":[{"href":"https:\/\/invanep.com\/congreso-2022\/wp-json\/wp\/v2\/types\/page"}],"author":[{"embeddable":true,"href":"https:\/\/invanep.com\/congreso-2022\/wp-json\/wp\/v2\/users\/1"}],"replies":[{"embeddable":true,"href":"https:\/\/invanep.com\/congreso-2022\/wp-json\/wp\/v2\/comments?post=30"}],"version-history":[{"count":10,"href":"https:\/\/invanep.com\/congreso-2022\/wp-json\/wp\/v2\/pages\/30\/revisions"}],"predecessor-version":[{"id":129,"href":"https:\/\/invanep.com\/congreso-2022\/wp-json\/wp\/v2\/pages\/30\/revisions\/129"}],"wp:featuredmedia":[{"embeddable":true,"href":"https:\/\/invanep.com\/congreso-2022\/wp-json\/wp\/v2\/media\/22"}],"wp:attachment":[{"href":"https:\/\/invanep.com\/congreso-2022\/wp-json\/wp\/v2\/media?parent=30"}],"curies":[{"name":"wp","href":"https:\/\/api.w.org\/{rel}","templated":true}]}}