{"id":22,"date":"2020-12-08T10:39:00","date_gmt":"2020-12-08T10:39:00","guid":{"rendered":"https:\/\/invanep.com\/congreso-2021\/?page_id=22"},"modified":"2021-02-04T15:28:46","modified_gmt":"2021-02-04T15:28:46","slug":"salutacion","status":"publish","type":"page","link":"https:\/\/invanep.com\/congreso-2021\/salutacion\/","title":{"rendered":"Salutaci\u00f3n"},"content":{"rendered":"\n<p class=\"has-text-align-left\">El \u00faltimo de los congresos sobre Trastornos del Neurodesarrollo de Valencia (Espa\u00f1a), lo celebramos presencialmente \u201cin extremis\u201d el 6 y 7 de marzo 2020, justo antes de comenzar el confinamiento estatal por el Covid-19. Afrontamos ahora el reto de la continuidad mediante la realizaci\u00f3n \u201con line\u201d de la XXIII edici\u00f3n, que se mantiene los d\u00edas 5 y 6 de marzo 2021.<\/p>\n\n\n\n<div class=\"wp-block-media-text alignwide is-stacked-on-mobile\" style=\"grid-template-columns:26% auto\"><figure class=\"wp-block-media-text__media\"><img loading=\"lazy\" width=\"566\" height=\"686\" src=\"https:\/\/invanep.com\/congreso-2021\/wp-content\/uploads\/2021\/02\/Dr.-Fernando-Mulas.jpg\" alt=\"\" class=\"wp-image-341\" srcset=\"https:\/\/invanep.com\/congreso-2021\/wp-content\/uploads\/2021\/02\/Dr.-Fernando-Mulas.jpg 566w, https:\/\/invanep.com\/congreso-2021\/wp-content\/uploads\/2021\/02\/Dr.-Fernando-Mulas-248x300.jpg 248w\" sizes=\"(max-width: 566px) 100vw, 566px\" \/><\/figure><div class=\"wp-block-media-text__content\">\n<p class=\"has-text-align-left\">Se expondr\u00e1n 14 ponencias plenarias y de excelencia en horario local de tardes, para que puedan ser visionados en las ma\u00f1anas del continente americano por todos los interesados en &nbsp;Neurodesarrollo, Trastornos del Espectro Autista (TEA), Trastornos del Aprendizaje y Trastorno por D\u00e9ficit de Atenci\u00f3n e Hiperactividad (TDAH).<\/p>\n\n\n\n<p class=\"has-text-align-left\">Los ponentes son de un gran nivel, bien conocidos de ediciones anteriores, siendo oportuno dar nuestro mejor recibimiento a quien interviene por primera vez, al Prof. Javier Tirapu (Pamplona), un referente de la neuropsicolog\u00eda.<\/p>\n<\/div><\/div>\n\n\n\n<p class=\"has-text-align-left\">Como la difusi\u00f3n telem\u00e1tica es un hecho que ha venido para quedarse, lo aprovecharemos para la continuidad futura de la difusi\u00f3n de estos congresos al otro lado del oc\u00e9ano atl\u00e1ntico. &nbsp;Por otra parte todas las conferencias de los \u00faltimos Congresos sobre Trastornos del Neurodesarrollo est\u00e1n disponibles en <a href=\"https:\/\/invanep.com\/cursos\/formacion-continuada\">https:\/\/invanep.com\/cursos\/formacion-continuada<\/a>.<\/p>\n\n\n\n<p class=\"has-text-align-left\">Cu\u00eddense todos que ya queda menos para salir de esta pandemia y un horizonte luminoso, como el cuadro que ilustra esta edici\u00f3n, nos espera. Sean bienvenidos telem\u00e1ticamente con el deseo de que sea el \u00faltimo congreso que \u201csolo\u201d podamos hacerlo \u201con line\u201d.<\/p>\n\n\n\n<p class=\"has-small-font-size\">Dr. Fernando Mulas<br>Presidente del Comit\u00e9 Organizador<br>XXIII Congreso Trastornos Neurodesarrollo<\/p>\n","protected":false},"excerpt":{"rendered":"<p>El \u00faltimo de los congresos sobre Trastornos del Neurodesarrollo de Valencia (Espa\u00f1a), lo celebramos presencialmente \u201cin extremis\u201d el 6 y &hellip; <\/p>\n","protected":false},"author":1,"featured_media":161,"parent":0,"menu_order":0,"comment_status":"closed","ping_status":"closed","template":"","meta":[],"_links":{"self":[{"href":"https:\/\/invanep.com\/congreso-2021\/wp-json\/wp\/v2\/pages\/22"}],"collection":[{"href":"https:\/\/invanep.com\/congreso-2021\/wp-json\/wp\/v2\/pages"}],"about":[{"href":"https:\/\/invanep.com\/congreso-2021\/wp-json\/wp\/v2\/types\/page"}],"author":[{"embeddable":true,"href":"https:\/\/invanep.com\/congreso-2021\/wp-json\/wp\/v2\/users\/1"}],"replies":[{"embeddable":true,"href":"https:\/\/invanep.com\/congreso-2021\/wp-json\/wp\/v2\/comments?post=22"}],"version-history":[{"count":28,"href":"https:\/\/invanep.com\/congreso-2021\/wp-json\/wp\/v2\/pages\/22\/revisions"}],"predecessor-version":[{"id":356,"href":"https:\/\/invanep.com\/congreso-2021\/wp-json\/wp\/v2\/pages\/22\/revisions\/356"}],"wp:featuredmedia":[{"embeddable":true,"href":"https:\/\/invanep.com\/congreso-2021\/wp-json\/wp\/v2\/media\/161"}],"wp:attachment":[{"href":"https:\/\/invanep.com\/congreso-2021\/wp-json\/wp\/v2\/media?parent=22"}],"curies":[{"name":"wp","href":"https:\/\/api.w.org\/{rel}","templated":true}]}}

Salutación

<p class="has-text-align-left">El último de los congresos sobre Trastornos del Neurodesarrollo de Valencia (España), lo celebramos presencialmente “in extremis” el 6 y 7 de marzo 2020, justo antes de comenzar el confinamiento estatal por el Covid-19. Afrontamos ahora el reto de la continuidad mediante la realización “on line” de la XXIII edición, que se mantiene los días 5 y 6 de marzo 2021.</p>



<div class="wp-block-media-text alignwide is-stacked-on-mobile" style="grid-template-columns:26% auto"><figure class="wp-block-media-text__media"><img loading="lazy" width="566" height="686" src="https://invanep.com/congreso-2021/wp-content/uploads/2021/02/Dr.-Fernando-Mulas.jpg" alt="" class="wp-image-341" srcset="https://invanep.com/congreso-2021/wp-content/uploads/2021/02/Dr.-Fernando-Mulas.jpg 566w, https://invanep.com/congreso-2021/wp-content/uploads/2021/02/Dr.-Fernando-Mulas-248x300.jpg 248w" sizes="(max-width: 566px) 100vw, 566px" /></figure><div class="wp-block-media-text__content">
<p class="has-text-align-left">Se expondrán 14 ponencias plenarias y de excelencia en horario local de tardes, para que puedan ser visionados en las mañanas del continente americano por todos los interesados en &nbsp;Neurodesarrollo, Trastornos del Espectro Autista (TEA), Trastornos del Aprendizaje y Trastorno por Déficit de Atención e Hiperactividad (TDAH).</p>



<p class="has-text-align-left">Los ponentes son de un gran nivel, bien conocidos de ediciones anteriores, siendo oportuno dar nuestro mejor recibimiento a quien interviene por primera vez, al Prof. Javier Tirapu (Pamplona), un referente de la neuropsicología.</p>
</div></div>



<p class="has-text-align-left">Como la difusión telemática es un hecho que ha venido para quedarse, lo aprovecharemos para la continuidad futura de la difusión de estos congresos al otro lado del océano atlántico. &nbsp;Por otra parte todas las conferencias de los últimos Congresos sobre Trastornos del Neurodesarrollo están disponibles en <a href="https://invanep.com/cursos/formacion-continuada">https://invanep.com/cursos/formacion-continuada</a>.</p>



<p class="has-text-align-left">Cuídense todos que ya queda menos para salir de esta pandemia y un horizonte luminoso, como el cuadro que ilustra esta edición, nos espera. Sean bienvenidos telemáticamente con el deseo de que sea el último congreso que “solo” podamos hacerlo “on line”.</p>



<p class="has-small-font-size">Dr. Fernando Mulas<br>Presidente del Comité Organizador<br>XXIII Congreso Trastornos Neurodesarrollo</p>

<p>El último de los congresos sobre Trastornos del Neurodesarrollo de Valencia (España), lo celebramos presencialmente “in extremis” el 6 y &hellip; </p>
